11 (base 2) to base 16
b7
Convert -114 (base 15) to base 13.
-15a
What is -34454 (base 6) in base 3?
-20202121
-aa8 (base 11) to base 6
-10052
11 (base 5) to base 8
6
30026 (base 8) to base 2
11000000010110
What is -3451 (base 6) in base 9?
-1114
24d1 (base 16) to base 14
3613
Convert -713 (base 8) to base 13.
-294
Convert -5552 (base 13) to base 15.
-37d2
Convert -3500 (base 10) to base 15.
-1085
What is 598 (base 16) in base 2?
10110011000
What is -57c (base 15) in base 13?
-747
32322 (base 5) to base 16
8a4
Convert 1210 (base 7) to base 15.
1ed
Convert -313033 (base 4) to base 14.
-1407
What is 373 (base 10) in base 12?
271
Convert 232001 (base 4) to base 6.
21345
Convert 21a (base 13) to base 16.
169
-134402 (base 5) to base 11
-4233
209 (base 14) to base 12
295
Convert -970 (base 14) to base 10.
-1862
What is 967 (base 11) in base 15?
527
-26531 (base 7) to base 5
-212002
-2112d (base 14) to base 2
-10011011111000101
What is -17995 (base 13) in base 11?
-3127a
-106302 (base 7) to base 6
-224010
-370 (base 13) to base 12
-41a
What is -1543 (base 6) in base 8?
-647
Convert 4879 (base 12) to base 5.
230112
1b4 (base 14) to base 6
1350
Convert 111010011000011 (base 2) to base 13.
107b4
What is 90 (base 10) in base 7?
156
What is -110034 (base 7) in base 12?
-b169
Convert -12e3 (base 15) to base 2.
-111111000110
What is 60013 (base 7) in base 15?
4411
What is 1088 (base 9) in base 6?
3425
2a46 (base 11) to base 16
f52
-4201 (base 5) to base 11
-461
-1203 (base 4) to base 2
-1100011
b479 (base 16) to base 3
2100101011
What is 11011000111000 (base 2) in base 15?
41a5
Convert -13263 (base 7) to base 2.
-110111110101
-54e (base 16) to base 8
-2516
Convert 2052 (base 9) to base 4.
113201
What is -424 (base 7) in base 16?
-d6
What is 1ad9 (base 15) in base 6?
42553
What is -11001110100 (base 2) in base 4?
-121310
Convert 8322 (base 9) to base 11.
4641
What is 10101101111 (base 2) in base 4?
111233
Convert 39657 (base 10) to base 2.
1001101011101001
What is 367a (base 12) in base 2?
1011111111110
Convert 4b0f (base 16) to base 13.
8991
What is 11002 (base 3) in base 7?
215
What is 63066 (base 7) in base 9?
23213
1ff8 (base 16) to base 11
6170
-157 (base 16) to base 4
-11113
Convert -15365 (base 11) to base 2.
-101010011100010
What is 201200011 (base 3) in base 4?
3200011
1bd3 (base 16) to base 14
284b
Convert -52308 (base 9) to base 7.
-202424
1012325 (base 6) to base 7
261266
What is -4591 (base 11) in base 16?
-178d
-10030320 (base 4) to base 16
-4338
225 (base 7) to base 2
1110101
Convert 12837 (base 9) to base 12.
5051
Convert -716 (base 10) to base 11.
-5a1
Convert 100011000111101 (base 2) to base 5.
1033411
What is 142 (base 12) in base 8?
302
-11110003 (base 4) to base 7
-120310
Convert -5851 (base 14) to base 13.
-6cb6
Convert -49c (base 16) to base 9.
-1551
What is 3234 (base 5) in base 4?
12330
What is -212641 (base 7) in base 12?
-19514
Convert 7dd (base 14) to base 2.
11000011111
What is 5244 (base 12) in base 4?
2030110
What is 221122 (base 3) in base 11?
57a
What is 895 (base 16) in base 10?
2197
What is -2599 (base 13) in base 2?
-1010011110101
Convert -20a0 (base 14) to base 11.
-4257
What is -179 (base 14) in base 7?
-612
What is -2731 (base 11) in base 13?
-17c7
-4cb8 (base 14) to base 10
-13490
136 (base 16) to base 15
15a
Convert -1011101110111100 (base 2) to base 14.
-1372c
10133 (base 5) to base 9
822
What is -1986 (base 13) in base 14?
-1576
Convert -111001000101000 (base 2) to base 13.
-103c0
What is d30 (base 16) in base 7?
12562
What is -f9 (base 16) in base 12?
-189
-3145 (base 6) to base 11
-599
Convert 1200313 (base 4) to base 15.
1c84
-12173 (base 10) to base 4
-2332031
What is -1320 (base 6) in base 8?
-520
-204 (base 8) to base 14
-96
What is -1101404 (base 5) in base 10?
-18979
Convert -4121 (base 6) to base 11.
-760
-216 (base 9) to base 4
-2301
989 (base 13) to base 10
1634
-1132 (base 7) to base 5
-3130
Convert -2212003 (base 4) to base 2.
-10100110000011
Convert 20100 (base 3) to base 8.
253
What is 1403 (base 5) in base 11?
198
What is -100010101 (base 2) in base 13?
-184
-1102042 (base 6) to base 12
-27922
What is -1101000100 (base 2) in base 15?
-3ab
What is 1b6b (base 12) in base 3?
11122202
Convert -4a266 (base 11) to base 6.
-1314112
What is 487 (base 9) in base 13?
250
Convert 1265 (base 7) to base 3.
200002
What is 1794 (base 10) in base 4?
130002
-422021 (base 6) to base 12
-17911
What is -37874 (base 9) in base 16?
-639d
1053134 (base 6) to base 10
53842
-109 (base 10) to base 6
-301
Convert -11101010101 (base 2) to base 7.
-5321
100010 (base 4) to base 7
2666
-31100 (base 4) to base 12
-5a8
What is 371 (base 8) in base 16?
f9
What is 1c1 (base 15) in base 8?
626
What is -1156 (base 7) in base 11?
-364
What is -22101210 (base 3) in base 11?
-4667
406 (base 7) to base 9
244
Convert -2178 (base 15) to base 14.
-2824
Convert 84 (base 11) to base 2.
1011100
10552 (base 6) to base 14
79a
Convert -318 (base 9) to base 14.
-148
Convert -114213 (base 5) to base 10.
-4308
What is 1731 (base 15) in base 6?
35044
What is 150234 (base 7) in base 13?
1022a
270 (base 15) to base 3
202120
What is 3838 (base 13) in base 7?
32203
Convert 381d (base 14) to base 16.
2663
-41883 (base 12) to base 14
-23455
-2ba (base 14) to base 13
-33a
What is -14440 (base 5) in base 4?
-103131
336240 (base 7) to base 8
164640
Convert -672 (base 9) to base 12.
-39b
1738 (base 10) to base 3
2101101
-2134 (base 5) to base 8
-446
What is -1231 (base 5) in base 2?
-10111111
What is 2865 (base 13) in base 7?
22665
What is -2b51 (base 12) in base 7?
-20605
Convert -17 (base 11) to base 16.
-12
Convert 3819 (base 12) to base 6.
45233
Convert 5227 (base 11) to base 15.
20bb
-2022010122 (base 3) to base 5
-2422141
What is -1527 (base 15) in base 8?
-10671
Convert -17a63 (base 14) to base 8.
-164427
224 (base 9) to base 4
2320
What is -15e (base 16) in base 10?
-350
What is -1057 (base 8) in base 16?
-22f
What is -206 (base 15) in base 10?
-456
What is 632 (base 10) in base 3?
212102
What is 10af (base 16) in base 5?
114041
What is 1100001 (base 3) in base 11?
805
What is -11206 (base 8) in base 11?
-3621
-222342 (base 7) to base 3
-1222212210
Convert -278 (base 11) to base 16.
-147
Convert 1813 (base 16) to base 2.
1100000010011
23241 (base 7) to base 2
1011101000110
5131 (base 7) to base 6
12134
Convert -300244 (base 5) to base 2.
-10010011101001
Convert 1c0 (base 14) to base 11.
301
What is -20088 (base 9) in base 5?
-410302
-20232 (base 4) to base 9
-680
Convert -ff1 (base 16) to base 6.
-30521
What is -1211 (base 6) in base 4?
-10213
What is 140453 (base 6) in base 8?
31521
Convert -5256 (base 7) to base 5.
-24404
-3536 (base 16) to base 7
-54500
What is -47d8 (base 15) in base 8?
-35656
What is -1111 (base 11) in base 7?
-4161
1736 (base 9) to base 8
2461
-2111 (base 6) to base 9
-577
Convert -109a (base 14) to base 9.
-3850
Convert -10aaa (base 13) to base 10.
-30391
Convert 5305 (base 7) to base 14.
975
What is -2270 (base 12) in base 13?
-1986
What is 259 (base 11) in base 2?
100110010
Convert 11321 (base 5) to base 13.
4c4
-10121 (base 4) to base 16
-119
What is 23112 (base 5) in base 6?
11401
-84 (base 10) to base 15
-59
What is -6093 (base 10) in base 9?
-8320
84 (base 15) to base 10
124
3632 (base 7) to base 14
6c2
3430 (base 5) to base 10
490
Convert -1095 (base 12) to base 7.
-5240
Convert -25112 (base 8) to base 6.
-122042
1200010202 (base 3) to base 13
11c93
Convert 11020011 (base 3) to base 15.
da7
-21546 (base 9) to base 7
-56454
What is -2541 (base 12) in base 6?
-31321
2320 (base 6) to base 11
462
What is -1253 (base 9) in base 11?
-784
What is 30003202 (base 4) in base 5?
3040003
Convert -1086 (base 9) to base 3.
-1002220
What is -3324 (base 7) in base 8?
-2252
18032 (base 9) to base 13
5867
What is 4133 (base 6) in base 15?
416
Convert 478 (base 12) to base 9.
822
26402 (base 9) to base 6
214302
Convert 44101 (base 7) to base 4.
2230102
Convert 13554 (base 6) to base 9.
2857
What is 6c (base 13) in base 9?
110
Convert 1672 (base 11) to base 15.
976
Convert -7242 (base 10) to base 6.
-53310
Convert -3515 (base 6) to base 3.
-1011002
Convert -1011200 (base 3) to base 4.
-31113
Convert -98a (base 13) to base 5.
-23020
Conver